23*l**2 + 47*l - 23. Determine r(-25).
52
Let a(u) = -u**3 - 12*u**2 + 30*u + 15. Give a(-14).
-13
Let j(h) = -h**2 - 13*h - 3. Calculate j(-10).
27
Let u(w) = w - 15. What is u(0)?
-15
Let p(y) = -y**3 - 15*y**2 - 26*y - 6. Determine p(-13).
-6
Let v(d) = -d + 35. Calculate v(12).
23
Let v(d) = 4*d**3 + 3*d**2 - d - 1. Give v(1).
5
Let a(v) = 6*v**2 + 9*v + 7. Give a(-4).
67
Let n(y) = -4*y + 7. Determine n(0).
7
Let s(k) = 6*k - 5. Calculate s(7).
37
Let y(t) = -10*t + 6. Determine y(5).
-44
Let z(l) = -9*l**2 - 5*l + 10. Determine z(2).
-36
Let n(b) = -28*b. Calculate n(-2).
56
Let m(r) = -3*r**2 + 6*r - 4. What is m(5)?
-49
Let a(t) = -t**2 + 25*t + 2. Give a(29).
-114
Let w(b) = 13*b**3 - b. Give w(-1).
-12
Let x(h) = 2*h**2 + 51*h + 81. Give x(-24).
9
Let g(t) = -8*t - 36. Calculate g(4).
-68
Let l(v) = -3*v + 8. What is l(8)?
-16
Let c(f) = 2*f**2 - 4*f + 7. Determine c(2).
7
Let l(k) = -k**3 - 6*k**2 + 7*k + 1. Calculate l(-7).
1
Let a(i) = -i**3 - 11*i**2 - 7*i + 23. Determine a(-10).
-7
Let l(c) = -2*c**2 + 10*c - 13. Calculate l(5).
-13
Let l(a) = -a + 5. Give l(7).
-2
Let m(c) = -33*c - 46. Calculate m(-5).
119
Let x(p) = -75*p - 673. What is x(-9)?
2
Let q(u) = -8*u - 120. What is q(-18)?
24
Let z(x) = -9*x - 3. Calculate z(6).
-57
Let d(o) = -5*o - 25. What is d(5)?
-50
Let j(q) = -q**3 - 8*q**2 + 3*q + 8. Determine j(-7).
-62
Let a(p) = 10*p**2 + 50*p + 5. What is a(-5)?
5
Let l(a) = a**3 + 5*a**2 - 3. What is l(-4)?
13
Let w(a) = -12*a - 31. Calculate w(-5).
29
Let u(d) = 7*d + 49. What is u(-9)?
-14
Let v(f) = -f**3 - 8*f**2 - 5*f + 18. Give v(-7).
4
Let n(s) = -11*s**3. What is n(-1)?
11
Let z(y) = 28*y + 42. What is z(-2)?
-14
Let c(i) = -8*i + 1. What is c(-1)?
9
Let q(v) = -8*v**3 - v**2 + 1. Determine q(1).
-8
Let k(t) = t**3 - 9*t**2 + 6*t - 6. Determine k(8).
-22
Let j(m) = -75*m + 70. What is j(1)?
-5
Let a(q) = q**3 + 10*q**2 - 4*q + 8. Determine a(-10).
48
Let z(q) = q**3 - 7*q**2 - q - 3. Give z(7).
-10
Let j(f) = f**3 - 3*f + 2. What is j(-3)?
-16
Let v(o) = 7*o + 14. What is v(-4)?
-14
Let q(c) = -4*c + 6. Determine q(3).
-6
Let s(q) = q**3 - 5*q**2 - 8*q + 8. Give s(6).
-4
Let i(t) = -t**3 + 14*t + 6. Determine i(-3).
-9
Let r(q) = -q**2 - 5*q + 3. Give r(-5).
3
Let q(j) = j**3 - 5*j**2 + j. Calculate q(1).
-3
Let s(i) = i**2 - 6*i + 9. Determine s(6).
9
Let d(t) = -t**3 + 4*t**2 - 3. Calculate d(4).
-3
Let t(h) = -h**3 - 20*h**2 + 71*h + 37. Give t(-23).
-9
Let d(x) = x**3 - 7*x**2 + 7*x - 10. What is d(6)?
-4
Let g(x) = x**2 - 56. Determine g(0).
-56
Let q(k) = -k**3 - 10*k**2 + 5*k + 123. Determine q(-9).
-3
Let g(c) = -c**3 - 7*c**2 + 97*c - 20. Determine g(-14).
-6
Let a(s) = s**3 + 10*s**2 + 3*s + 3. What is a(-10)?
-27
Let s(x) = -4*x - 12. Determine s(-2).
-4
Let n(t) = -t**2 + 10*t - 13. Determine n(6).
11
Let r(j) = 5*j - 1. Calculate r(-3).
-16
Let f(l) = -142*l - 550. What is f(-4)?
18
Let r(w) = w + 5. Determine r(-3).
2
Let g(r) = -30*r - 117. Determine g(-4).
3
Let f(k) = -k**3 + 7*k**2 - 4*k - 4. Give f(6).
8
Let c(x) = 89*x - 354. Calculate c(4).
2
Let z(t) = -t**2 - 12*t + 3. Give z(-10).
23
Let o(r) = -4*r - 3. What is o(-2)?
5
Let n(i) = 16*i**2 + 9*i + 8. Determine n(-1).
15
Let g(d) = 6*d - 27. What is g(5)?
3
Let v(p) = -12*p. Calculate v(2).
-24
Let p(v) = v**3 + 3*v - 1. Give p(2).
13
Let r(c) = -23*c - 154. Determine r(-7).
7
Let z(i) = -9*i**2 + 8*i - 10. Give z(2).
-30
Let r(g) = 28*g + 247. Calculate r(-9).
-5
Let o(i) = -38*i**2 - 2*i + 2. What is o(-2)?
-146
Let u(r) = r**3 + 5*r**2 - 5*r - 7. Give u(-6).
-13
Let x(f) = 2*f**3 - 11*f**2 + 4*f + 5. What is x(5)?
0
Let h(l) = -4*l - 32. Determine h(-12).
16
Let m(c) = c**3 - 8*c**2 - 3. Determine m(8).
-3
Let l(v) = 2*v**3 - 22*v**2 + 7*v - 73. Determine l(11).
4
Let g(c) = -2*c - 3. Calculate g(8).
-19
Let f(x) = x**3 - 5*x**2 + 3*x. Calculate f(5).
15
Let k(g) = g + 10. What is k(-8)?
2
Let y(v) = 15*v. Give y(1).
15
Let r(h) = -h**3 + 8*h**2 - 6*h + 51. Calculate r(8).
3
Let x(j) = j**3 + 18*j**2 + 16*j - 21. What is x(-17)?
-4
Let r(y) = -497*y + 494. Determine r(1).
-3
Let l(k) = -14*k**3 + 2*k**2 + k - 2. Calculate l(1).
-13
Let i(q) = q**3 + 10*q**2 + 42*q + 288. Determine i(-9).
-9
Let z(s) = -s**3 - 6*s**2 + 7*s + 47. Calculate z(-3).
-1
Let g(u) = 2*u**2 - 6*u - 1. Determine g(6).
35
Let d(h) = 59*h**2 - 7*h - 7. Give d(-1).
59
Let c(h) = -h**2 - 8*h + 20. Determine c(-9).
11
Let l(r) = r**3 + 9*r**2 - 8*r + 11. Calculate l(-7).
165
Let v(n) = 2*n**3 + 5*n**2 + 7*n - 2. Give v(-4).
-78
Let o(j) = 3*j**3 - 15*j**2 - 4*j + 17. Calculate o(5).
-3
Let h(m) = -3*m + 38. Determine h(10).
8
Let z(v) = v**3 - 7*v**2 + 3*v + 11. Calculate z(6).
-7
Let m(q) = q**3 - q. Determine m(1).
0
Let z(t) = t**3 + 7*t**2 + 17*t + 68. What is z(-6)?
2
Let g(j) = j**3 - 8*j**2 - 5*j - 8. Determine g(10).
142
Let x(i) = -i**3 - 4*i**2 - 5*i - 8. What is x(-4)?
12
Let k(c) = 2*c - 19. Calculate k(-11).
-41
Let x(k) = -k**2 + 13*k - 1. Calculate x(11).
21
Let a(y) = y**2 + 11*y - 8. Give a(-10).
-18
Let d(h) = -h**3 + 13*h**2 - 13*h + 15. Give d(12).
3
Let t(u) = 2*u + 2. Give t(-3).
-4
Let r(x) = 5*x + 33. Give r(-17).
-52
Let x(z) = z**3 + 9*z**2 + 6*z - 8. Calculate x(-8).
8
Let f(x) = x**2 + 6*x + 11. What is f(-7)?
18
Let t(z) = -z**2 - 19*z + 16. Give t(-18).
34
Let q(s) = 2*s**2 - 10*s. What is q(5)?
0
Let d(o) = -o**3 + 30*o**2 - 80*o - 15. Give d(27).
12
Let x(z) = z**2 + 8*z + 48. What is x(-12)?
96
Let d(t) = 59*t - 1. Give d(-2).
-119
Let u(f) = -9*f + 6. What is u(1)?
-3
Let q(h) = -9*h + 3. Calculate q(1).
-6
Let c(u) = -6*u**2 - 2*u - 8. What is c(0)?
-8
Let u(k) = -5*k**3 - k**2 - 3*k + 2. Give u(1).
-7
Let b(m) = m**3 + 3*m**2 + 2*m - 78. Determine b(0).
-78
Let i(f) = f + 28. Determine i(-23).
5
Let k(y) = 5*y + 33. Give k(5).
58
Let z(h) = -h**3 + 11*h**2 + h + 1. Determine z(11).
12
Let k(c) = -3*c + 20. Determine k(5).
5
Let g(l) = -10*l - 5. What is g(-5)?
45
Let j(h) = -h**3 + 20*h**2 - 52*h - 5. What is j(3)?
-8
Let y(q) = -q**3 - 6*q**2 - 5*q - 1. Determine y(-4).
-13
Let x(i) = -22*i - 17. Calculate x(3).
-83
Let b(c) = 6*c**3 - 3*c**2 + 3*c - 1. What is b(1)?
5
Let l(a) = -a**2 - 2*a + 7. Give l(3).
-8
Let u(c) = 4*c - 4. Give u(2).
4
Let v(u) = -3*u**3 - 2*u**2 - u. Determine v(-2).
18
Let x(f) = f**3 - 14*f**2 + 22*f + 32. Calculate x(12).
8
Let m(u) = u**3 - 18*u**2 + 15*u + 21. Give m(17).
-13
Let n(m) = m**2 - 9*m + 10. Determine n(7).
-4
Let q(p) = -6*p - 88. Calculate q(0).
-88
Let w(j) = 28*j + 1372. Give w(-49).
0
Let p(v) = -v**2 - v - 17. Give p(7).
-73
Let c(t) = -t - 1. What is c(3)?
-4
Let k(x) = x**2 + 9*x - 4. Determine k(-8).
-12
Let a(l) = 9*l + 6. What is a(5)?
51
Let o(z) = z**2 - 12*z + 3. Give o(11).
-8
Let c(y) = -2*y - 11. Calculate c(-7).
3
Let a(x) = x**2 + 21*x + 34. Calculate a(-19).
-4
Let v(t) = -2*t. Calculate v(-6).
12
Let a(o) = o**3 - o**2 + o - 4. What is a(-2)?
-18
Let g(o) = 2*o + 4. Determine g(-2).
0
Let z(r) = 2*r**3 + 10*r**2 + 6*r + 7. Determine z(-5).
-23
Let g(m) = m**3 - 7*m**2 - 7*m + 10. Determine g(7).
-39
Let p(u) = -8*u - 156. Give p(-17).
-20
Let z(f) = -2*f**2 + 16*f - 42. Give z(10).
-82
Let w(p) = 10*p - 35. What is w(11)?
75
Let v(i) = 18*i - 60. Calculate v(3).
-6
Let g(t) = 2*t**2 + t - 2. Calculate g(-3).
13
Let p(k) = 3*k**2 + 3*k + 4. Determine p(0).
4
Let f(k) = k - 31. Calculate f(11).
-20
Let d(t) = 16*t + 39. Give d(-2).
7
Let o(s) = s**3 - 8*s**2 + 10*s - 17. What is o(7)?
4
Let j(q) = -q**3 + 7*q**2 + 76*q - 8. Give j(-6).
4
Let q(f) = 6*f + 2. Give q(10).
62
Let v(w) = 2*w**2 - 12*w - 21. What is v(-2)?
11
Let i(b) = b**3 - 18*b**2 + 20*b - 18. Calculate i(17).
33
Let x(j) = 4*j + 113. Give x(-28).
1
Let q(u) = 5*u**2 - u. What is q(-1)?
6
Let l(z) = z**3 + 12*z**2 + 2*z - 12. Give l(-11).
87
Let f(s) = -s**3 + 10*s**2 - 10*s + 15. Calculate f(9).
6
Let y(j) = 3*j**2 - 4*j + 14. Give y(5).
69
Let q(w) = 4*w**3 - w**2 + 2*w - 2. Determine q(2).
30
Let t(v) = 4*v + 17. Determine t(17).
85
Let z(y) = y**3 - 7*y**2 + 14*y - 16. Calculate z(5).
4
Let p(m) = -7*m**2 - 2*m - 9. Determine p(0).
-9
Let b(t) = 21*t**3 - t**2 + t - 1. Calculate b(1).
20
Let y(w) = -w**3 + 6*w**2 + 3. Give y(6).
3
Let x(p) = -p**3 - 6*p**2 - 3*p - 3. Give x(-4).
-23
Let c(n) = n**